45053
What are the prime factors of 32242?
2, 7, 47
List the prime factors of 258.
2, 3, 43
What are the prime factors of 986?
2, 17, 29
List the prime factors of 2947.
7, 421
List the prime factors of 1600.
2, 5
What are the prime factors of 5684?
2, 7, 29
List the prime factors of 271.
271
List the prime factors of 58659.
3, 19553
What are the prime factors of 896?
2, 7
List the prime factors of 1291.
1291
What are the prime factors of 11084?
2, 17, 163
List the prime factors of 43756.
2, 10939
List the prime factors of 91155.
3, 5, 59, 103
What are the prime factors of 9969?
3, 3323
What are the prime factors of 92458?
2, 46229
What are the prime factors of 49200?
2, 3, 5, 41
List the prime factors of 23970.
2, 3, 5, 17, 47
What are the prime factors of 1582?
2, 7, 113
List the prime factors of 112411.
13, 8647
What are the prime factors of 23193?
3, 859
What are the prime factors of 448?
2, 7
List the prime factors of 1785.
3, 5, 7, 17
What are the prime factors of 2480?
2, 5, 31
List the prime factors of 965.
5, 193
List the prime factors of 6495.
3, 5, 433
What are the prime factors of 20076?
2, 3, 7, 239
What are the prime factors of 25909?
13, 1993
List the prime factors of 48944.
2, 7, 19, 23
List the prime factors of 1421.
7, 29
What are the prime factors of 37299?
3, 12433
List the prime factors of 1475.
5, 59
List the prime factors of 44.
2, 11
What are the prime factors of 19614?
2, 3, 7, 467
What are the prime factors of 1347?
3, 449
What are the prime factors of 797?
797
List the prime factors of 389.
389
List the prime factors of 9553.
41, 233
List the prime factors of 1154.
2, 577
List the prime factors of 1504.
2, 47
List the prime factors of 883.
883
What are the prime factors of 86307?
3, 13, 2213
List the prime factors of 358.
2, 179
What are the prime factors of 273?
3, 7, 13
List the prime factors of 2714.
2, 23, 59
List the prime factors of 10216.
2, 1277
What are the prime factors of 82693?
13, 6361
List the prime factors of 26917.
11, 2447
List the prime factors of 4564.
2, 7, 163
List the prime factors of 19408.
2, 1213
List the prime factors of 14528.
2, 227
List the prime factors of 1209.
3, 13, 31
List the prime factors of 2979.
3, 331
List the prime factors of 9894.
2, 3, 17, 97
What are the prime factors of 42121?
73, 577
List the prime factors of 20032.
2, 313
What are the prime factors of 789?
3, 263
List the prime factors of 67344.
2, 3, 23, 61
What are the prime factors of 2119?
13, 163
List the prime factors of 592.
2, 37
List the prime factors of 1843.
19, 97
List the prime factors of 1088.
2, 17
What are the prime factors of 7774?
2, 13, 23
List the prime factors of 3068.
2, 13, 59
List the prime factors of 2339.
2339
What are the prime factors of 34970?
2, 5, 13, 269
What are the prime factors of 1769?
29, 61
List the prime factors of 13193.
79, 167
What are the prime factors of 16378?
2, 19, 431
What are the prime factors of 1197?
3, 7, 19
List the prime factors of 2044.
2, 7, 73
List the prime factors of 113172.
2, 3, 9431
What are the prime factors of 68?
2, 17
List the prime factors of 5156.
2, 1289
List the prime factors of 1122.
2, 3, 11, 17
What are the prime factors of 38539?
17, 2267
List the prime factors of 1216.
2, 19
What are the prime factors of 9756?
2, 3, 271
What are the prime factors of 18217?
18217
What are the prime factors of 7260?
2, 3, 5, 11
What are the prime factors of 9002?
2, 7, 643
What are the prime factors of 2022?
2, 3, 337
List the prime factors of 10262.
2, 7, 733
List the prime factors of 14612.
2, 13, 281
List the prime factors of 187.
11, 17
List the prime factors of 841.
29
List the prime factors of 6435.
3, 5, 11, 13
What are the prime factors of 2849?
7, 11, 37
List the prime factors of 18470.
2, 5, 1847
List the prime factors of 39171.
3, 11, 1187
List the prime factors of 113168.
2, 11, 643
List the prime factors of 23070.
2, 3, 5, 769
List the prime factors of 15825.
3, 5, 211
What are the prime factors of 115088?
2, 7193
What are the prime factors of 2632?
2, 7, 47
List the prime factors of 284.
2, 71
List the prime factors of 12660.
2, 3, 5, 211
List the prime factors of 364.
2, 7, 13
What are the prime factors of 20396?
2, 5099
List the prime factors of 59884.
2, 11, 1361
List the prime factors of 15497.
15497
What are the prime factors of 52479?
3, 7, 17
List the prime factors of 55728.
2, 3, 43
What are the prime factors of 34168?
2, 4271
What are the prime factors of 2108?
2, 17, 31
What are the prime factors of 2000?
2, 5
List the prime factors of 33582.
2, 3, 29, 193
List the prime factors of 2760.
2, 3, 5, 23
List the prime factors of 108959.
108959
List the prime factors of 2110.
2, 5, 211
What are the prime factors of 11200?
2, 5, 7
List the prime factors of 71895.
3, 5, 4793
List the prime factors of 221.
13, 17
List the prime factors of 19416.
2, 3, 809
What are the prime factors of 3286?
2, 31, 53
List the prime factors of 1517.
37, 41
What are the prime factors of 3864?
2, 3, 7, 23
What are the prime factors of 1191?
3, 397
What are the prime factors of 6528?
2, 3, 17
What are the prime factors of 13781?
13781
List the prime factors of 5071.
11, 461
List the prime factors of 156381.
3, 52127
List the prime factors of 1346.
2, 673
What are the prime factors of 2537?
43, 59
List the prime factors of 23733.
3, 293
List the prime factors of 132022.
2, 11, 17, 353
List the prime factors of 1425.
3, 5, 19
What are the prime factors of 63231?
3, 7, 3011
What are the prime factors of 2276?
2, 569
What are the prime factors of 3560?
2, 5, 89
List the prime factors of 130845.
3, 5, 11, 13, 61
What are the prime factors of 203170?
2, 5, 11, 1847
What are the prime factors of 52030?
2, 5, 11, 43
What are the prime factors of 95612?
2, 11, 41, 53
List the prime factors of 8182.
2, 4091
What are the prime factors of 6576?
2, 3, 137
List the prime factors of 4359.
3, 1453
List the prime factors of 25815.
3, 5, 1721
List the prime factors of 5494.
2, 41, 67
List the prime factors of 1295.
5, 7, 37
What are the prime factors of 13121?
13121
What are the prime factors of 7464?
2, 3, 311
List the prime factors of 23288.
2, 41, 71
List the prime factors of 5246.
2, 43, 61
List the prime factors of 617.
617
List the prime factors of 736.
2, 23
What are the prime factors of 752?
2, 47
List the prime factors of 62657.
7, 8951
List the prime factors of 1116.
2, 3, 31
What are the prime factors of 1386?
2, 3, 7, 11
List the prime factors of 1025.
5, 41
List the prime factors of 89551.
7, 11, 1163
What are the prime factors of 2128?
2, 7, 19
What are the prime factors of 1141?
7, 163
What are the prime factors of 2794?
2, 11, 127
List the prime factors of 6626.
2, 3313
What are the prime factors of 24741?
3, 2749
List the prime factors of 82165.
5, 16433
What are the prime factors of 8144?
2, 509
What are the prime factors of 8398?
2, 13, 17, 19
List the prime factors of 14151.
3, 53, 89
What are the prime factors of 34111?
7, 11, 443
What are the prime factors of 3864?
2, 3, 7, 23
What are the prime factors of 2948?
2, 11, 67
What are the prime factors of 2114?
2, 7, 151
List the prime factors of 560.
2, 5, 7
List the prime factors of 138383.
7, 53, 373
What are the prime factors of 962?
2, 13, 37
List the prime factors of 1108.
2, 277
What are the prime factors of 65512?
2, 19, 431
What are the prime factors of 3232?
2, 101
List the prime factors of 1625.
5, 13
List the prime factors of 12435.
3, 5, 829
List the prime factors of 662.
2, 331
List the prime factors of 484.
2, 11
List the prime factors of 5152.
2, 7, 23
What are the prime factors of 529?
23
List the prime factors of 663.
3, 13, 17
What are the prime factors of 947?
947
List the prime factors of 869.
11, 79
List the prime factors of 3552.
2, 3, 37
List the prime factors of 52574.
2, 97, 271
What are the prime factors of 9398?
2, 37, 127
What are the prime factors of 12251?
12251
What are the prime factors of 26936?
2, 7, 13, 37
List the prime factors of 393.
3, 131
What are the prime factors of 6247?
6247
What are the prime factors of 10838?
2, 5419
What are the prime factors of 9257?
9257
What are the prime factors of 376?
2, 47
What are the prime factors of 2025?
3, 5
List the prime factors of 11185.
5